 f is divided by 22.
18
Let j be (16/6)/(1/(-9)). Let u = j + 49. Calculate the remainder when u is divided by 7.
4
Suppose 2*h + 3*z = 3*h, 0 = -h + 5*z. Calculate the remainder when (h - 4)*(-21)/6 is divided by 8.
6
Let x(i) = 4 + 0 + 8*i + 0*i. What is the remainder when 58 is divided by x(2)?
18
Let y = -2 - -3. Let x(p) = p**3 + 7*p**2 - 6*p + 9. Let b be x(-8). Let n = b + 9. What is the remainder when n is divided by y?
0
Suppose -1 = j - 13. What is the remainder when j is divided by 5?
2
Let t(n) = n**2 + 8*n + 3. Let h(j) = -j**3 + 3*j**2 - 4*j + 2. Let a be h(4). Let z = -8 - a. Calculate the remainder when z is divided by t(-9).
10
Suppose -5*q + 110 = -0*q. What is the remainder when 63 is divided by q?
19
Let r(y) be the second derivative of y**4 - y**3/6 - y**2/2 + 3*y. What is the remainder when 35 is divided by r(-1)?
11
Suppose 4*i + i = 45. Suppose 3*u = i*u - 132. Let v = -82 + 147. Calculate the remainder when v is divided by u.
21
Let p be 1 + 0 - 0 - -1. Suppose -36 = 3*o - 5*o - 4*c, -5*o = p*c - 82. Suppose v - 188 = -4*v + 3*g, -o = -4*g. What is the remainder when v is divided by 21?
19
Let c(s) = s**3 - 8*s**2 + 3*s - 10. Suppose 3 = r - 5. Let t = 32 - 27. What is the remainder when c(r) is divided by t?
4
Suppose 3*y = -v + 6, -v + 4 = v - 2*y. Suppose 0 = -3*a - 2*c + 1, -4*c + 1 = -3*a - 8*c. Suppose h = 3 + a. Calculate the remainder when h is divided by v.
1
Suppose 0 = n + 47 - 51. What is the remainder when 34 is divided by n?
2
Suppose -s + 5 = 3*r - 22, 5*r + 2*s = 46. Let h = -2 + 5. Suppose 2*u - h*u - 3*j - 1 = 0, 2*j + 10 = 0. Calculate the remainder when u is divided by r.
6
Let g = -63 - -75. What is the remainder when g is divided by 8?
4
Let d = -50 + 116. What is the remainder when d is divided by 27?
12
Let c(r) = 10*r - 25. What is the remainder when 8 is divided by c(3)?
3
Let t(g) = -4*g**2 - g**3 + 2*g**3 + 1 - 3*g - 2*g**3. Suppose -o - 2*k = -6, 0*o - 2*k + 14 = -o. Calculate the remainder when 38 is divided by t(o).
12
Suppose 0 = 5*b - b - 28. Let f = 10 - 1. Suppose -2*q = -f + 3. What is the remainder when b is divided by q?
1
Let n = -34 + 77. Calculate the remainder when n is divided by 9.
7
Suppose 3*f + n = -0*n + 13, -5*n + 20 = 0. Suppose f = 3*d - 3. Suppose 6 = -p + 7. What is the remainder when d is divided by p?
0
Let i(h) = h**2 + 2*h - 4. Let k be (2/(-3))/(3/(-9)). Calculate the remainder when i(-5) is divided by 6/(0 + 3/k).
3
Calculate the remainder when 219 is divided by (-398)/(-9) - (-40)/(-180).
43
Let o(y) = 6*y + 13. Calculate the remainder when 56 is divided by o(3).
25
Let n = -63 + 79. What is the remainder when 25 is divided by n?
9
Suppose 0 = -6*r + 5*r + 47. Let c(q) = -q + 4. Let j be c(0). Suppose 5*w = -5*u - 0*u + 105, -5*w = j*u - 89. Calculate the remainder when r is divided by u.
15
Let v = 114 - 47. What is the remainder when v is divided by 35?
32
Calculate the remainder when (465/9)/5*3 is divided by 16.
15
Let v be (0 - 0 - -2) + -7. Let s(b) = -b**3 - 6*b**2 - 6*b + 7. What is the remainder when 35 is divided by s(v)?
11
Suppose 0*c = 3*c - 5*w - 11, -2*w - 2 = -2*c. Let x = 2 - c. What is the remainder when 19 is divided by x?
4
Suppose 0 = 7*p - 6*p - 5*x - 38, 2*x = 4. Suppose 2*g - p = 5*f, -3*g = g + 5*f - 66. What is the remainder when g is divided by ((-14)/3)/(8/(-12))?
5
Let x = 1 + 14. What is the remainder when 42 is divided by x?
12
What is the remainder when 4 is divided by -4*(9/(-4))/3?
1
Let h be (-32)/(-24)*12/(-2). What is the remainder when 55 is divided by h + 6 - 16*-1?
13
Let y = 15 + -10. What is the remainder when 21 is divided by y?
1
Suppose -2*r + 17 = -53. Calculate the remainder when r is divided by 14.
7
Suppose 0 = -4*d + a + 12, -2*d - a = -3*d + 6. Suppose 0 = h + 2 - 4. What is the remainder when h is divided by d?
0
Suppose -3*w = -2*w - 177. Suppose 2*c + h = 3*h + 156, 0 = -2*c - 5*h + w. What is the remainder when c is divided by 21?
18
Let m(b) = -6*b - 14. Calculate the remainder when 219 is divided by m(-6).
21
Suppose 3*l - 2*d = 71, -2*d = 3*l - 13 - 54. Let q = 26 + 63. Calculate the remainder when q is divided by l.
20
Let k = -5 + 32. Let s = 7 - -7. Calculate the remainder when k is divided by s.
13
Let s = 9 - -1. What is the remainder when 29 is divided by s?
9
Suppose -3*n = -f - 2, -4 - 10 = 3*n - 5*f. What is the remainder when 7 is divided by n?
1
Let d(k) = k**3 - 5*k**2 + 2*k - 3. Let g(r) = -8*r. Let v be g(1). What is the remainder when (-9)/(-2)*v/(-3) is divided by d(5)?
5
Let o = 21 + -15. Suppose 2 = -4*k + 14. Suppose -2*x + 80 = k*x. What is the remainder when x is divided by o?
4
Let v(p) = p**2 - 7*p + 8. Let t be v(7). What is the remainder when ((-69)/(-12))/(2/t) is divided by 12?
11
Let d(o) be the third derivative of 0*o + 0*o**3 + 2*o**2 + 0*o**4 - 1/60*o**5 + 0 + 11/30*o**6. What is the remainder when d(1) is divided by 15?
13
Let m(k) = -7*k - 3. Calculate the remainder when m(-2) is divided by 6.
5
Let o(x) = -x**3 + 5*x**2 - 6. Let c be o(5). Let q = 17 - c. Calculate the remainder when q is divided by 13.
10
Let w be ((-39)/(-9) - 3)*-9. Let l = w + 16. Calculate the remainder when 13 is divided by l.
1
Suppose 5*r - r - 12 = 0. Suppose 96 = 4*w + 4*v, 5*w - 102 = -2*v + r. Suppose y = 4 + 32. What is the remainder when y is divided by w?
17
Let q(l) = -l**2 + 13*l - 5. Calculate the remainder when 92 is divided by q(9).
30
Let d(n) = 14*n**3 + n**2 + n + 1. Let a be d(-1). Let c = a - -33. What is the remainder when 77 is divided by c?
17
Let n(j) = 2*j - j**2 - 11*j - 5*j + 3 - 1. Calculate the remainder when n(-6) is divided by 17.
16
Let z = 24 + -12. Let o(d) = -d**2 + 14*d - 18. Let l be o(z). What is the remainder when 1/(-1)*(-318)/l is divided by 27?
26
Calculate the remainder when (-801)/(-36) + (-9)/(-12) is divided by ((-6)/(-4))/((-2)/(-16)).
11
Suppose 3*s - 2*f = 277, -3*s + 197 + 92 = f. Calculate the remainder when s is divided by 33.
29
Let r(m) = 2*m + 3 - 6*m - 2*m. Calculate the remainder when r(-5) is divided by 18.
15
Let p(y) = 28*y. Let w be p(2). Suppose 0 = 3*g - g + 5*m - w, 52 = 2*g + 3*m. Calculate the remainder when g is divided by 18/(-8)*80/(-15).
11
Suppose l + 4*z - 21 = 0, 3*l - 2*z - 63 = z. Calculate the remainder when (-404)/(-10) + (-6)/15 is divided by l.
19
Suppose 3*n + 15 = 6*n. Suppose 20 = n*j - 55. Calculate the remainder when 57 is divided by j.
12
Let b(c) = -3*c + 2. Let u be (-8)/20 - 82/(-5). Let q = u + -1. What is the remainder when q is divided by b(-2)?
7
Suppose 3*d = 3 + 18. What is the remainder when 22 is divided by d?
1
Let a(c) = 2*c + 2*c**2 - c + 0*c - 1. Let s = -19 + 35. Calculate the remainder when s is divided by a(2).
7
Suppose 3*g + 36 = 3*w + 2*w, -2*w = 4*g + 48. Let u = -2 - g. What is the remainder when 1 - -2*9 - 0 is divided by u?
9
Let u be -1*(-1 + 2 - 3). Let c be -3*1/((-3)/u). Suppose 3 + c = w. What is the remainder when 13 is divided by w?
3
Let i(v) = v**3 + 9 + 0*v - 7*v - 7*v**2 - 10. Calculate the remainder when 26 is divided by i(8).
5
Let c be (0 + -1)/(2/(-98)). Let p = 72 - c. Let m = 16 - 8. Calculate the remainder when p is divided by m.
7
Let f(u) = 13*u**3 + 2*u**2 - 2*u + 1. Let l be f(1). Calculate the remainder when 130/l - (-2)/(-7) is divided by (-1 - 9/(-4))*4.
4
Let x = -10 - -20. Calculate the remainder when 2 + -2 + 39 + -2 is divided by x.
7
Calculate the remainder when 19 is divided by ((-2)/4)/((-2)/40).
9
Let h(l) = -l**3 - 4*l**2. Let y be h(-4). Suppose -7 = x - 24. Calculate the remainder when y + 51 + -1 + 0 is divided by x.
16
Let g be 8 - ((2 - -1) + 0). Suppose -j - g*z = 4*j - 140, -36 = -2*j + 2*z. Calculate the remainder when (4/(-6))/((-4)/402) is divided by j.
21
Let b = 0 + 7. Calculate the remainder when b is divided by 5.
2
Suppose q - 7 = 6. Let b(g) = -4*g**2 + 0*g**3 + 5 - g**3 - 4*g + 0*g**3. Calculate the remainder when b(-5) is divided by q.
11
Let m(t) = -t**3 - 6*t**2 - 8*t - 12. What is the remainder when m(-5) is divided by 1?
0
Suppose 21 = -3*a + 72. Suppose -4 - a = -u. Calculate the remainder when u is divided by 11.
10
Suppose 5*v = 5*r - 2*r + 140, -3*v + 84 = 3*r. Suppose 7*y - 71 = 2*y - 2*p, p - 28 = -2*y. What is the remainder